 - u**3/6 - 3*u**2. Let c(d) = -55*d + 13. Calculate the remainder when c(-2) is divided by y(-1).
30
Suppose -5*h + 118 = k - 348, h - 90 = -k. Calculate the remainder when h is divided by 49.
45
Let t = -35 + 18. Let l = -18 - t. What is the remainder when 53 is divided by (l + 2)/((-2)/(-54))?
26
Suppose -5*t + 5 - 10 = 0. Let n(g) = -31*g**3 + g**2 - 2*g - 3. What is the remainder when 91 is divided by n(t)?
29
Suppose 0 = 14*y + y - 5850. Calculate the remainder when y is divided by 56.
54
Let q be ((-2)/(-5))/(-1 - (-1380)/1375). Let u = -57 + q. Calculate the remainder when u is divided by 19.
15
Let t(m) = 9*m**2 + 73*m - 25. Calculate the remainder when t(-12) is divided by 18.
17
Let w(f) = -3*f - 6. Let m be w(-4). Let l(g) = -3 + 3*g**2 + 0*g**2 + 4*g + g + 11 - 4*g**2. Calculate the remainder when 4 is divided by l(m).
0
Suppose -4*d - 31 = 3*l + 26, 5*l + 40 = -3*d. Calculate the remainder when 99/d*(1 - 6) is divided by (-1)/(4/(-72)*1).
15
Suppose -5*o - 4*q + 27 = -200, -196 = -4*o + 4*q. What is the remainder when 132 is divided by o?
38
Let p = -14 - -19. Suppose -p*v = 3*d - 129, 4*d - 25 - 59 = -3*v. What is the remainder when v is divided by (-1)/(((-2)/(-18))/(-1))?
6
Suppose -7*j = -5*j - 256. Suppose 4*o = j + 184. Calculate the remainder when o is divided by 16.
14
Let o = 11 + -44. Let w = 45 + o. Calculate the remainder when (60/(-2))/(2/(-3)) is divided by w.
9
Suppose 13 = -d + 16. Suppose -j + 2*k + 92 = 0, -5*k = 4*j - d*k - 408. Calculate the remainder when j is divided by 21.
16
Let y(f) = -6*f. Suppose 3*p - 48 = -5*d + 8, 2*d = 4*p - 66. Calculate the remainder when p is divided by y(-1).
5
Let a = 67 + -34. Let u = -17 + a. Calculate the remainder when 77 is divided by u.
13
Let d = 26 - 18. Let v(b) = b**2 - 6*b + 17. What is the remainder when v(d) is divided by 7?
5
Let q = -1909 + 2046. Calculate the remainder when q is divided by 47.
43
Let w(b) be the third derivative of -b**6/120 + b**5/60 + b**4/24 + 35*b**3/2 - 10*b**2. What is the remainder when w(0) is divided by 18?
15
Suppose 510 = -7*r + 17*r. Let c = r + -33. Calculate the remainder when 125 is divided by c.
17
Suppose 5*p - 26 = -4*w, 6*w - w = 4*p + 12. Calculate the remainder when 8/10*265/p is divided by 27.
25
Let z = -10 - -19. Suppose 0*q + 3*q = 39. Suppose 3*v = -4 + q. What is the remainder when z is divided by v?
0
Let f = -1 - -2. Let d(n) = 0 - 6 + 2*n**3 + f + 0*n**3. Calculate the remainder when d(4) is divided by 31.
30
Suppose -2*u = u + 5*o - 409, 2*o - 669 = -5*u. Let v = -56 + u. Calculate the remainder when v is divided by 13.
12
Let l(q) = 48*q + 37 - 99*q - q**2 + 64*q. What is the remainder when 67 is divided by l(14)?
21
Suppose 0 = 8*j + 8 - 264. Let v = 5 - -56. Calculate the remainder when v is divided by j.
29
Let i = -6 - -5. Let r be i/((1/(-110))/1). What is the remainder when 45 is divided by (2 + r/5)*1?
21
Calculate the remainder when (2 + 340/24)*6 is divided by 17.
12
Suppose -5*m + 8*g - 6*g + 189 = 0, -3*m - 3*g + 105 = 0. What is the remainder when 106 is divided by m?
32
Let c be 46/(-5)*25/(-10). Suppose -2*f - f = 3*r - 21, -5*r = f - c. Suppose -5*o = -15, -7*v + 2*v + 374 = f*o. What is the remainder when v is divided by 19?
16
Suppose 5*g + 181 - 730 = -3*r, 5*g = -r + 193. Calculate the remainder when r is divided by 30.
28
Calculate the remainder when 8/48 - 8968/(-48) is divided by 39.
31
Suppose -18*p = -14*p - 7*p. Suppose -b = -5*v + 115 + 81, -4*v + 4*b + 160 = p. Suppose -3*l - 20 = -4*l. Calculate the remainder when v is divided by l.
19
Let s(v) = 2*v**3 + 20*v**2 + 11*v + 27. Calculate the remainder when 446 is divided by s(-9).
86
Suppose 2*f + 1552 = 1998. What is the remainder when f is divided by 113?
110
Let n(t) = -17*t - 329. What is the remainder when 116 is divided by n(-21)?
4
Let d(b) = -b**3 + 3*b**2 + 4*b + 3. Let i = 333 + -327. Calculate the remainder when i is divided by d(4).
0
Let w(k) = 27*k**2 + 22*k + 109. Calculate the remainder when w(-5) is divided by 97.
92
Let k = 92 + -85. What is the remainder when 59 is divided by k?
3
Let u be (-340)/(-6) + (-2)/(-6). Let m be ((-3)/4)/(20/(-1040)). Let o = u - m. Calculate the remainder when o is divided by 10.
8
Let d(n) = n**2 - 7*n + 27. Calculate the remainder when d(10) is divided by 5.
2
Let y(b) = b**2 - 6*b - 4. Let c be y(7). Suppose 0 = 6*n - c*n. Suppose n = o - 2 - 14. Calculate the remainder when 46 is divided by o.
14
Let t(s) = 10*s**2 + 2*s + 1. Suppose 4*p - 3 = -0*o - 5*o, 3 = 3*o + 3*p. Suppose -31*b + 7 = -30*b. Calculate the remainder when t(o) is divided by b.
2
What is the remainder when 341 is divided by -12 - 0 - (-5610)/110?
29
Let q(t) = -t. Let x be q(-12). Let w = x - 4. What is the remainder when 22 is divided by w?
6
Let k(u) = 18*u - 1. Let a be k(2). Let b = a - 25. What is the remainder when -4 + 0 - (14 - 45) is divided by b?
7
What is the remainder when 148 is divided by ((-4)/10)/(19/(-760))?
4
Suppose 583 = 16*f - 537. What is the remainder when 698 is divided by f?
68
Let u(q) = -q - 2. Let n be u(-5). Suppose 185 = 2*o + n*o. Calculate the remainder when 1/((-2)/(-6)) + o is divided by 7.
5
Let r = -2270 - -2414. What is the remainder when 288 is divided by r?
0
Let d(z) = -15*z - 2. Let l = 124 + -104. What is the remainder when d(-8) is divided by l?
18
Let u(y) = y**2 - 8*y - 7. Suppose 4*o + 50 = i, 77*i + 4*o = 81*i - 128. What is the remainder when u(-6) is divided by i?
25
Let h be ((-6)/(-1 - 0))/(-4 + 2). Calculate the remainder when (1 - 40)/(2 + h) is divided by 11.
6
Let d = 28 + -13. Let s(f) = 13*f - 6. What is the remainder when s(6) is divided by d?
12
Let y = 19 - 50. Let r = 47 + y. What is the remainder when 127 is divided by r?
15
Let z = 866 + -616. What is the remainder when z is divided by 42?
40
Suppose -2*q + 9*b = 4*b - 37, 3*q - 23 = b. Suppose 0*m - 4*m + 36 = 0. Calculate the remainder when 8/(2*1/q) is divided by m.
6
What is the remainder when 134 is divided by (1955/(-30))/17*-6?
19
Let a(j) = 3*j - 15. Let h be a(-5). Let l = h + 46. What is the remainder when 55 is divided by l?
7
Suppose 3*s + 9 = 5*t - 120, 3*s - 141 = -5*t. What is the remainder when 96 is divided by t?
15
Suppose -q + 5*r + 13 = 0, 115 = 3*q + 2*r + 2*r. Calculate the remainder when 125 is divided by q.
26
Let w = -626 + 830. What is the remainder when w is divided by 96?
12
Calculate the remainder when 51/(1 - 0/3) is divided by (-1552)/(-60) + (-2)/(-15).
25
What is the remainder when 45 is divided by (3/5)/((-11)/(-220))?
9
Let w(u) be the third derivative of u**6/60 + 11*u**5/60 - u**4/8 - 7*u**3/6 - 2*u**2 - 1. What is the remainder when w(-5) is divided by 13?
7
Let f be (-21 + 3 - -8)*(-1 - 5). Suppose f = 2*l + 2*l. Calculate the remainder when 43 is divided by l.
13
Let h = 156 - 142. What is the remainder when 712 is divided by h?
12
Let f = 117 - 87. Calculate the remainder when 298 is divided by f.
28
Let z be 64/(-11) - 2/11. Let y(u) = -u**3 - 6*u**2 - 12*u + 4. What is the remainder when y(z) is divided by 11?
10
Let v(u) = 6*u + 9. Let c be v(10). Suppose 0 = 3*q + 3*x - c, -2*q + 14 + 27 = 3*x. Suppose 0 = w + 3*w - q. What is the remainder when 18 is divided by w?
4
Suppose z + c + 10 = 2*c, 3*c - 40 = 5*z. What is the remainder when z/(-45) + 844/18 is divided by 13?
8
Let v = -606 - -729. What is the remainder when v is divided by 34?
21
Suppose -5*t = 5*y + 30, 3*t + t - 4*y = -24. What is the remainder when 130 is divided by (-1)/(-4) + t/(-8)*25?
16
Let s = 182 + -125. Calculate the remainder when 224 is divided by s.
53
Let f = -21 + -8. Let i = f + 54. Suppose 2*b + 2*v = 90, 253 = 3*b + 2*b - 2*v. Calculate the remainder when b is divided by i.
24
Suppose 2*g - 76 = -4*u + 8*u, 0 = 5*g - 2*u - 214. Let c = 66 - g. Calculate the remainder when -14*2/(-8)*c is divided by 20.
17
Let s be 72/(-24)*(-100)/(-6). Let y = s - -59. Suppose 5*o + 4*m - 187 = 0, 2*m = -2*m + 12. What is the remainder when o is divided by y?
8
Let i = -382 - -385. Calculate the remainder when 29 is divided by i.
2
Suppose -49 = -7*s + 28. Calculate the remainder when 29 is divided by s.
7
Let q(k) = -k**3 - 12*k**2 + 3*k - 52. Calculate the remainder when q(-13) is divided by 3